v + 9. Let r be a(-9). Let s be (-8)/12*r/(-6). What is the greatest common factor of b and s?
31
Suppose -25 = -5*o + 5*i, -3*o + 4*i + 14 = -o. Suppose 5*m + o = 8*m. Let y be (4 - (m + 3)) + 3. Calculate the greatest common divisor of 27 and y.
3
Let v(q) = 73*q - 24. Let f be -7*(2 + -1 - 0). Let r be v(f). Let i = -282 - r. What is the greatest common divisor of 23 and i?
23
Let s be 95 - (-6 + 2)/(-1). Let g be 1144/s + 3/7. Let b = -87 - -126. What is the highest common divisor of g and b?
13
Suppose 2*o - 280 = 9*o. Let d be (4/(-8))/(4/o). Suppose g + 2*g - v = 153, -255 = -d*g - 3*v. What is the highest common factor of g and 34?
17
Suppose -9*s + 3*s = -384. Let m = -20 + s. What is the greatest common factor of m and 4?
4
Let f be (2/3)/(((-24)/8)/(-540)). Calculate the greatest common divisor of f and 300.
60
Let v(i) = -i**3 - 6*i**2 - 5*i + 4. Let q be v(-4). Let s be (1 - -7)/(q/(-28)). Let x = 66 + -38. What is the highest common factor of s and x?
28
Let n(d) = d**3 + 6*d**2 + 2*d + 17. Let m be n(-6). Calculate the greatest common divisor of m and 925.
5
Suppose y = -2*s + 82, 11*s = 15*s + 4. Calculate the highest common factor of 9 and y.
3
Suppose 4*x + 2*h - 2960 + 842 = 0, 5*h + 1089 = 2*x. What is the greatest common divisor of x and 84?
28
Let l be 6*(-6 - (-220)/30). What is the highest common factor of 568 and l?
8
Let m(a) = a**2 - 49*a + 139. Let p be m(46). Let g = -6 - -11. What is the greatest common divisor of g and p?
1
Let t be (-3 + 2 + (1 - 1))*-3. Suppose 10 = t*r - 14. Calculate the greatest common factor of r and 16.
8
Let j = 64 - 34. Let w = 42 - j. What is the greatest common factor of 84 and w?
12
Let q = 57 + -16. Let f be ((-410)/(-4))/(33/66). What is the greatest common divisor of f and q?
41
Let w = 33 + -66. Let p = 48 + w. What is the highest common divisor of 15 and p?
15
Suppose 3*m = -y + 14 + 20, 2*y = -m + 48. What is the highest common factor of y and 176?
22
Let c(q) = q - 12. Let m be c(-13). Let h = -17 - m. What is the highest common factor of 72 and h?
8
Let a(v) = -96*v + 2. Let g be a(-1). Let d = g + -68. Calculate the highest common divisor of d and 240.
30
Let z = 186 + -172. Calculate the highest common divisor of z and 6.
2
Let p(w) = 220*w**3 - w**2 - 12*w + 12. Let n be p(1). What is the highest common factor of n and 511?
73
Let g be (-3)/4 + (-36)/16. Let m = g - -5. Let j be (-42 - 2)/(5 - 14/2). Calculate the highest common divisor of j and m.
2
Suppose 0 = 2*g + 3*g. Let c(q) = q**3 + 7*q**2 + 6*q + 5. Let x be c(-6). Suppose g = x*d, 3*o - 24 = 5*d - d. What is the highest common factor of o and 56?
8
Let n be 1*(1 - -1)*35. Let q = -29 - -32. Suppose a + d + q*d = -2, 0 = 3*a + d - 27. What is the highest common factor of n and a?
10
Let y = 5 - 2. Suppose -l = g - 26, -4*g = -5*g - y. Suppose -3*p + 39 = t, 0 = 2*t - 2*p - l - 25. What is the highest common divisor of 5 and t?
5
Suppose c + 3 = 16*i - 15*i, -2*i = 2*c - 26. Calculate the highest common factor of 192 and i.
8
Suppose 0*c - c - 3 = 0. Let q(j) = j**2 + j + 3. Let h be q(c). What is the greatest common divisor of h and 6?
3
Suppose 2 - 4 = -2*l. Let m be (-6)/21 + (-700)/(-49). Suppose m - 38 = -4*k. Calculate the greatest common factor of l and k.
1
Let k = 8 + 1. Let l(g) = -g**3 + 7*g**2 + 8*g + 9. Let t be l(8). Suppose 2*r - 15 = -0*r - 3*p, 5*r - t = 2*p. What is the highest common divisor of r and k?
3
Suppose x + 5*o = 12, 108 = 5*x - 5*o - 12. Suppose 22 + 22 = r. What is the greatest common divisor of x and r?
22
Let k = 292 - 274. Calculate the greatest common factor of 24 and k.
6
Let k be 63/252 - (-2)/(-8)*-79. Suppose -k + 308 = 6*f. Calculate the greatest common factor of f and 432.
48
Suppose -b - 8 = -1. Suppose -2*p + 18 = -p. Let l = p + b. Calculate the highest common factor of 55 and l.
11
Suppose -5*m + 4*x - 79 = -411, 5*m - 335 = 5*x. Suppose -2*z + 36 = -m. What is the greatest common factor of 10 and z?
10
Let y be (-19)/((-247)/455) - (0 + 2). What is the highest common divisor of 55 and y?
11
Suppose -18 = -h + 14. Calculate the greatest common factor of 144 and h.
16
Let m(d) = -3*d**2 + 18*d - 17. Let r(b) = -b**2 + b - 1. Let v(x) = m(x) - 4*r(x). Let h be v(-17). What is the greatest common divisor of 19 and h?
19
Let p be 292 - (-9)/(18/10). What is the highest common factor of 27 and p?
27
Suppose -5*b + 149 = -o, 0 = 4*b - 4*o - 16 - 100. Suppose 1711 = 18*a - 449. Calculate the highest common divisor of b and a.
30
Suppose 14*c - 12*c = 4. What is the highest common divisor of c and 134?
2
Suppose -3*v - 2*r = -5, -r + 3 = -0*v + 2*v. Let o be ((-2)/(-4))/(v/38). Let d = -359 + 378. What is the greatest common divisor of d and o?
19
Suppose -3*v = 5*x - 87, -9 = -v + 5*x - 0. Suppose -v = -u - 2*u - a, -15 = -5*a. Let b = -19 - -33. What is the greatest common divisor of u and b?
7
Let y = 274 - 267. What is the greatest common divisor of 7 and y?
7
Suppose -6*p = -3*p - 33. Suppose u - 38 = 3*x, -4*u + 174 = -16*x + 15*x. What is the greatest common factor of u and p?
11
Suppose -4*s = 9*s - 39. Suppose 5*w - 3*w + 2 = 0, 4*w + 64 = s*a. Calculate the highest common factor of 4 and a.
4
Let v be (12 - 9)/(-1 + 2). Suppose 0 = -v*h - h + 4. Let r(o) = 7*o**3 + o - 1. Let l be r(h). Calculate the highest common divisor of l and 28.
7
Suppose 3*q - 4*q = 5*q. Suppose q = -5*b, 5*s - s = -5*b + 12. What is the greatest common factor of s and 27?
3
Let y(g) = 9*g + 120. Let j be y(-11). Calculate the highest common divisor of 21 and j.
21
Suppose -1289 = -33*r - 299. What is the highest common divisor of 40 and r?
10
Let v(y) = -88*y**2 + y - 1. Let i be v(1). Let n = i - -110. Calculate the greatest common factor of 198 and n.
22
Let z(k) = k + 2. Let f be z(2). Suppose 4*u + 3*i = 566, f*i + 412 = u + 2*u. Calculate the greatest common factor of 56 and u.
28
Suppose 2*w - q = 3, 0 = 2*w - 0*q + 2*q. Let g be (12 - (1 - 0))/w. Let o = g - -6. Calculate the greatest common divisor of o and 51.
17
Let z(w) = -2*w - 30. Let b = -36 + 36. Let p be z(b). Let j = -15 - p. What is the highest common factor of 6 and j?
3
Let t(r) = r**3 + 13*r**2 - 5*r + 31. Let z be t(-13). Suppose -4*g + z = -0*g. Calculate the highest common divisor of g and 72.
24
Let z(h) = -75*h**3 + h**2 + h. Let b be z(-1). Let r(d) = -13*d + 16. Let o be r(5). Let c = b + o. What is the greatest common divisor of 13 and c?
13
Suppose 5*b - 526 = r, 2*b + 3*r = 3*b - 108. Let h = 32 + -17. What is the highest common divisor of b and h?
15
Let n = -12 + -5. Let y = n - -18. What is the greatest common divisor of y and 8?
1
Let v = -1450 + 1870. What is the highest common divisor of v and 245?
35
Let t be (30/2)/(1/3). Let b = 688 + -658. Calculate the highest common divisor of t and b.
15
Suppose 0 = -3*f + 4 + 2. Let t be (((-54)/(-8))/((-13)/(-104)))/f. What is the highest common factor of 27 and t?
27
Suppose -m = -6 - 46. Let h = 36 + m. Let f be (2/(-4))/(3/(-66)). Calculate the highest common divisor of f and h.
11
Suppose -3*a + 12 = -a. Let k be -6*((-8)/a)/2. Suppose i - 5*i + 176 = 0. What is the highest common factor of i and k?
4
Suppose 4*a - 46 - 41 = -j, -5*a = -3*j - 113. What is the greatest common factor of 154 and a?
22
Let h be ((-54)/(-135))/(-2 - (-696)/345). Calculate the greatest common factor of h and 3427.
23
Suppose -35*w + 36*w - 47 = -2*g, -15 = -3*w. Let x be 5/(50/(-336))*-5. What is the greatest common divisor of x and g?
21
Let f(j) = j**3 - 11*j**2 - 11*j + 16. Let k(h) = -h**3 - 10*h**2 - 10*h + 3. Let g be k(-9). Let z be f(g). What is the greatest common divisor of z and 4?
4
Let t be -1 + 71 + 45 + -45. What is the greatest common factor of 56 and t?
14
Suppose -6*v - 32 = -128. What is the highest common factor of 384 and v?
16
Suppose 565 = 2*r + 49. Calculate the greatest common divisor of 6 and r.
6
Suppose q - 2*c - 30 + 6 = 0, 4*q - 4*c = 104. Suppose 3*a - 158 = 94. What is the highest common divisor of q and a?
28
Let r be -2 - 54*10*18/(-24). What is the highest common factor of 13 and r?
13
Suppose 0 = -u + 3*b - 9, 2*b - 6*b + 20 = 0. Calculate the highest common divisor of u and 33.
3
Let x be 67578/66 - 1/(-11). What is the highest common divisor 